hat is the highest common divisor of h and 1?
1
Suppose 1684 = 30*b - 1886. Calculate the greatest common factor of 85 and b.
17
Let i(x) = -20*x - 5. Let v be i(-4). Suppose -2*d + v = 3*d. Suppose 2*u = -24 + 174. Calculate the greatest common factor of u and d.
15
Let q be 1/(4/(-2)) + (-115333)/(-82). Calculate the highest common divisor of q and 38.
38
Suppose 0 = -7*q + 12*q - 860. Let a = -95 + q. Calculate the highest common divisor of a and 7.
7
Let b be 0/1 + (4 - 0). Suppose 5*a - 2*q = 2, -5*a + 12 = q - 2. Suppose a + 42 = r. What is the highest common divisor of b and r?
4
Let g(b) = b**2 - 11*b + 30. Let z be g(8). Suppose -a - z*a = -168. Calculate the greatest common divisor of 6 and a.
6
Let i(x) = 3*x**2 + 16*x - 4. Let k = 22 - 28. Let h be i(k). Calculate the greatest common factor of h and 72.
8
Let y = -51 + 65. Let v be 7 - 5/((-10)/(-6)). Let x be 268/v + 3/1. What is the greatest common factor of y and x?
14
Suppose 3*z - 3*u = 6, 0*u = -2*z - u + 16. Suppose -4*a = 4*o - 68, 3*o + z = -0*o. What is the highest common divisor of a and 266?
19
Suppose 180*z = 178*z + 660. Calculate the greatest common divisor of z and 30.
30
Suppose 4*o - 32 + 4 = -3*n, 2*n + 35 = 5*o. Suppose -5*m + 108 = o*m. Calculate the highest common factor of m and 27.
9
Let u be ((-1)/3)/(13/(-351)). Calculate the greatest common divisor of u and 99.
9
Suppose 3 = -8*x + 27. Suppose s - 7*b + 1 = -3*b, -3*s + 72 = x*b. Calculate the highest common divisor of 57 and s.
19
Let t = 1704 + -801. What is the highest common divisor of 42 and t?
21
Let t(m) = 32*m - 12. Let p be t(1). Let b be -2 + 1 + 4 - -1. What is the greatest common factor of b and p?
4
Suppose 0 = -635*k + 642*k - 8239. Calculate the greatest common divisor of 107 and k.
107
Suppose 0 = -t - 3*t + 480. Suppose 0 = r + 4*r - t. Suppose -4*z = -1 - 23. Calculate the greatest common divisor of z and r.
6
Let o(p) = -p**2 + 3*p + 12. Let y be o(0). Let b be (4/y*5)/((-1)/(-6)). Calculate the highest common factor of b and 15.
5
Let d = 27 - 26. Let l(a) = 106*a - 1. Let h be l(d). Calculate the highest common factor of 15 and h.
15
Let x(u) = 8*u + 50. Suppose -5*w + f + 1 = 27, -5*f = -w + 14. Let q be x(w). Calculate the greatest common divisor of 11 and q.
1
Let u(l) = -l**3 - 2*l**2 + 2*l - 4. Let d be u(4). Let o be d/(-9) + 2/(-9). Let k = 22 + 38. What is the greatest common divisor of o and k?
10
Let x(c) = c**2 + 22*c + 13. Let j be x(8). What is the greatest common factor of 99 and j?
11
Suppose 0 = -4*x, -7*x = -4*n - 3*x + 780. Calculate the greatest common factor of n and 65.
65
Let x(o) = o**2 - o. Let k be x(2). Suppose 4*d - 73 = -z + 498, 313 = k*d - 5*z. Calculate the highest common factor of 18 and d.
18
Suppose 4*w - 3*q - 23 = 0, 4*q - 25 = -w - 5. What is the greatest common factor of w and 74?
2
Suppose 0*x + 11 = 11*x. Let o be (-2 + 1)/(0 + x/(-2)). What is the highest common divisor of o and 16?
2
Let d = 156 + -87. Let g = d - 11. Calculate the highest common divisor of g and 145.
29
Let t be 75/(-30)*(1 + 1). Let s(q) = 1. Let o(c) = c + 8. Let a(w) = -o(w) + 4*s(w). Let v be a(t). Calculate the highest common factor of v and 3.
1
Suppose m + h + 38 = 230, 3*m - 576 = -h. What is the highest common factor of 176 and m?
16
Suppose 11*k - 39 = -2*k. Calculate the highest common divisor of 32 and k.
1
Let b be (-1)/(-1) - (-7 + -2). Suppose b*q - 5*q - 20 = 0. Suppose q*h - 7*h + 27 = 0. What is the greatest common divisor of h and 6?
3
Let z be 368/(-6)*18/(-8). What is the greatest common factor of 18 and z?
6
Let b = 641 - 634. What is the highest common divisor of 8 and b?
1
Let l be 294/21 + -8*1. Let p = 210 - -2. Suppose b = 4*h - 123, -5*b = 5*h + 77 - p. What is the greatest common factor of h and l?
6
Let w be (0 - 3*10)/(-5 + 3). Let v be -2 - (-2)/((-4)/(-62)). Let i = v - w. Calculate the highest common divisor of i and 70.
14
Let f(g) = 5 + 3*g + 3 - g - 3*g. Let v be f(6). Suppose -v*l + 124 = 4*k, -2*l = 2*k - 3*k - 119. Calculate the greatest common divisor of l and 40.
20
Suppose -5*m + 98 = -3*z, 3*z - 4*z = 2*m - 48. Calculate the greatest common divisor of m and 418.
22
Let f = 392 - 323. Calculate the greatest common divisor of f and 69.
69
Suppose 554 = -36*x + 1670. Calculate the highest common factor of 713 and x.
31
Let z be (-1 + (-8)/12)/(4/(-60)). Calculate the greatest common factor of z and 275.
25
Suppose 2204 = 5*n - 2346. Calculate the greatest common factor of n and 104.
26
Let j(y) = -24*y + 76. Let g be j(2). Suppose -8 = -5*h + 97. Calculate the greatest common factor of h and g.
7
Suppose -2*k + n - 2*n + 120 = 0, 0 = -n. Calculate the greatest common factor of 30 and k.
30
Suppose 5 = -5*z + 4*z + 4*o, -2*z = -3*o. Calculate the highest common factor of 87 and z.
3
Suppose -69*o + 67*o = -42. Let r(w) = -20*w**3 + 2*w**2 + w. Let k be r(-1). What is the greatest common factor of o and k?
21
Let b(g) = -g**2 - 10*g + 15. Let v be b(-11). Suppose 0 = v*u - 6*u + 16. Suppose u*r - 5*r = 42. Calculate the highest common divisor of r and 28.
14
Suppose 4*z = 1 - 5. Let k(x) = -36*x - 1. Let c be k(z). Let w be 130/c - 4/(-14). Calculate the highest common factor of w and 32.
4
Let w be (3 - (4 + 18))/(1/(-1)). Let s = w - 9. Suppose -2 = -2*r + 2, -5*m - 2*r = -204. What is the greatest common divisor of m and s?
10
Let h be (14/(-8))/(1/(-8)). Suppose -23*k + 58 = -25*k. Let y = -27 - k. Calculate the greatest common factor of h and y.
2
Let q be -2 + (-5 - -8) - -3. What is the greatest common factor of q and 6?
2
Suppose 6*d - 41 = -11. Suppose -d*j = 5*c - 345 + 80, -4*c = 5*j - 260. What is the highest common factor of 32 and j?
16
Let k be -10 + 8 + 455 - -6. What is the highest common divisor of k and 17?
17
Let j(q) = q**3 + 14*q**2 - 2*q - 18. Let y = -28 - -14. Let x be j(y). Let d be (-11)/(-2) + (-2)/4. Calculate the highest common divisor of x and d.
5
Let f(y) = y**3 - 4*y**2 - 3*y - 3. Let q be f(5). Let u = 21 - 30. Let n = u + 86. What is the highest common divisor of n and q?
7
Suppose -140 = -5*p - 9*p. Let q be (12 + 18)*4/p. What is the greatest common divisor of q and 30?
6
Let h = -56 + 65. Suppose -5*q - 12 = -h*q. Suppose 5*y + 0 = 135. What is the highest common divisor of y and q?
3
Let u(x) be the third derivative of x**4/2 + 4*x**3/3 - 21*x**2. Let d be u(3). What is the greatest common divisor of 11 and d?
11
Let x(y) = 5*y**2 - 2. Let b be x(4). Suppose 5 = -t - 4*g, -5*g = 5*t + 19 - 9. Let s be (8 + -7)*(0 - 195)*t. Calculate the highest common factor of s and b.
39
Suppose -4*b - v + 705 - 84 = 0, 0 = v - 5. Calculate the highest common divisor of 77 and b.
77
Let g(a) = 3*a**3 - a**2 - a + 1. Let u be g(1). Let f = 22 + u. What is the highest common factor of 120 and f?
24
Suppose -4*h - 80 = -4*i - 3*h, i - 4*h = 20. Suppose -384 = 16*x - i*x. What is the highest common divisor of x and 12?
12
Suppose 0 = -4*a + 16, 3*i + 0*i - 5*a + 5 = 0. Let k be 1/i - 2856/(-120). Suppose -18 + 66 = 3*p. What is the highest common divisor of k and p?
8
Let x(r) = -23*r - 383. Let n be x(-18). Calculate the highest common factor of n and 341.
31
Let x(d) = 114*d**3 - 3*d**2 - d + 2. Let s be x(1). Let h be 2/(-6) + 49/3. Calculate the highest common divisor of h and s.
16
Suppose h - 4*h + 17 = 2*v, -7 = -5*h + 2*v. Let w = 3 + 5. Suppose 3*d - h*f = 456, 5*f - w = f. Calculate the greatest common factor of d and 14.
14
Let m(x) = 7*x**3 + 2*x**2 + 2*x - 2. Let p be m(-2). Let b = -30 - p. Calculate the greatest common factor of b and 120.
24
Suppose -107 - 139 = -6*j. Let r = j - 38. Suppose -3*u = -0*u - 45. What is the greatest common factor of u and r?
3
Suppose 153*h = 546 + 66. Let f = -35 - -83. What is the highest common factor of h and f?
4
Let c be ((-60)/90)/(-2*(-1)/(-9)). Let w be ((14/6)/(-1))/(c/(-18)). What is the greatest common divisor of 2 and w?
2
Let b be (5 + (-642)/(-6))/2. What is the greatest common divisor of 40 and b?
8
Suppose n = -1 - 2, -5*r + 52 = -4*n. Calculate the highest common divisor of r and 664.
8
Let a be -2 + 1 + (-13)/((-91)/35). What is the greatest common divisor of a and 4?
4
Suppose 0 = -3*r + 2 + 10. Let c(f) = 7*f**2 + 6*f - 1. Let z be c(r). Suppose